{"id":172,"date":"2025-12-23T10:56:34","date_gmt":"2025-12-23T10:56:34","guid":{"rendered":"https:\/\/e3.ar\/ifda\/?page_id=172"},"modified":"2026-02-25T16:16:25","modified_gmt":"2026-02-25T16:16:25","slug":"historia-de-las-artes","status":"publish","type":"page","link":"https:\/\/e3.ar\/ifda\/historia-de-las-artes\/","title":{"rendered":"Historia de las Artes"},"content":{"rendered":"\n<div class=\"wp-block-group has-global-padding is-layout-constrained wp-block-group-is-layout-constrained\">\n<div class=\"wp-block-group has-global-padding is-layout-constrained wp-block-group-is-layout-constrained\">\n<div class=\"wp-block-columns is-layout-flex wp-container-core-columns-is-layout-28f84493 wp-block-columns-is-layout-flex\">\n<div class=\"wp-block-column is-layout-flow wp-block-column-is-layout-flow\">\n<div class=\"wp-block-group has-global-padding is-layout-constrained wp-block-group-is-layout-constrained\">\n<div class=\"wp-block-group has-global-padding is-layout-constrained wp-block-group-is-layout-constrained\">\n<p class=\"dia\"><strong>Jueves 12 de febrero<\/strong><\/p>\n\n\n\n<h4 class=\"wp-block-heading\"><strong>16:00hs.<\/strong><\/h4>\n\n\n\n<p><strong>Bienvenida departamental<\/strong> a cargo de la directora del Departamento de Estudios Hist\u00f3ricos y Sociales Prof. Elena Sed\u00e1n.<\/p>\n\n\n\n<p class=\"lugar\"><strong>Aula 105 &#8211; Sede Central.<\/strong><\/p>\n\n\n\n<h4 class=\"wp-block-heading\"><strong>12:00hs.<\/strong><\/h4>\n<\/div>\n<\/div>\n\n\n\n<div class=\"wp-block-group has-global-padding is-layout-constrained wp-block-group-is-layout-constrained\">\n<p><strong>Encuentro con la Secretar\u00eda de Asuntos Estudiantiles<\/strong> (SAE) a cargo del secretario Prof. Lautaro Zugbi.<\/p>\n\n\n\n<p class=\"lugar\"><strong>Auditorio Peluso \u2013 Sede Fonseca.<\/strong><\/p>\n<\/div>\n<\/div>\n\n\n\n<div class=\"wp-block-column is-style-section-3 is-layout-flow wp-block-column-is-layout-flow\">\n<div class=\"wp-block-group has-global-padding is-layout-constrained wp-block-group-is-layout-constrained\">\n<div class=\"wp-block-group has-global-padding is-layout-constrained wp-block-group-is-layout-constrained\">\n<p class=\"dia\"><strong>Viernes 13<\/strong><\/p>\n\n\n\n<p><strong>Charla con el Centro de Estudiantes.<\/strong><\/p>\n\n\n\n<p>Para conocer a qu\u00e9 encuentro te corresponde ir:<\/p>\n\n\n\n<div class=\"wp-block-buttons is-content-justification-right is-layout-flex wp-container-core-buttons-is-layout-d445cf74 wp-block-buttons-is-layout-flex\">\n<div class=\"wp-block-button\"><a class=\"wp-block-button__link wp-element-button\" href=\"https:\/\/www2.fba.unlp.edu.ar\/ingreso\/centro-de-estudiantes\/\" target=\"_blank\" rel=\"noreferrer noopener\">Centro de Estudiantes<\/a><\/div>\n<\/div>\n<\/div>\n<\/div>\n<\/div>\n<\/div>\n<\/div>\n\n\n\n<h3 class=\"semana\">Semana 2<\/h3>\n\n\n\n<div class=\"wp-block-columns is-layout-flex wp-container-core-columns-is-layout-28f84493 wp-block-columns-is-layout-flex\">\n<div class=\"wp-block-column is-layout-flow wp-block-column-is-layout-flow\">\n<div class=\"wp-block-group has-global-padding is-layout-constrained wp-block-group-is-layout-constrained\">\n<div class=\"wp-block-group has-global-padding is-layout-constrained wp-block-group-is-layout-constrained\">\n<p class=\"dia\"><strong>Mi\u00e9rcoles 18<\/strong><\/p>\n\n\n\n<h4 class=\"wp-block-heading\"><strong>17:00hs.<\/strong><\/h4>\n\n\n\n<p><strong>Presentaci\u00f3n de la Direcci\u00f3n de Ense\u00f1anza (Alumnos) y de la Biblioteca FDA.<\/strong><\/p>\n\n\n\n<p><strong>Apellidos desde la A hasta la L.<\/strong><\/p>\n\n\n\n<p class=\"lugar\"><strong>Auditorio Peluso \u2013 Sede Fonseca.<\/strong><\/p>\n<\/div>\n\n\n\n<h4 class=\"wp-block-heading\"><strong>18:00hs.<\/strong><\/h4>\n<\/div>\n\n\n\n<div class=\"wp-block-group has-global-padding is-layout-constrained wp-block-group-is-layout-constrained\">\n<p><strong>Presentaci\u00f3n de la Direcci\u00f3n de Ense\u00f1anza (Alumnos) y de la Biblioteca FDA.<\/strong><\/p>\n\n\n\n<p><strong>Apellidos desde la M hasta la Z.<\/strong><\/p>\n\n\n\n<p class=\"lugar\"><strong>Auditorio Peluso \u2013 Sede Fonseca.<\/strong><\/p>\n\n\n\n<hr class=\"wp-block-separator has-alpha-channel-opacity\"\/>\n\n\n\n<p><strong>Charla de la Secretar\u00eda de Bienestar Estudiantil de la UNLP.<\/strong><\/p>\n\n\n\n<p>Actividad optativa.<\/p>\n\n\n\n<p class=\"lugar\"><strong>Auditorio Gleyzer \u2013 Sede Fonseca.<\/strong><\/p>\n<\/div>\n<\/div>\n\n\n\n<div class=\"wp-block-column is-style-section-3 is-layout-flow wp-block-column-is-layout-flow\">\n<div class=\"wp-block-group has-global-padding is-layout-constrained wp-block-group-is-layout-constrained\">\n<div class=\"wp-block-group has-global-padding is-layout-constrained wp-block-group-is-layout-constrained\">\n<p class=\"dia\"><strong>Jueves 19<\/strong><\/p>\n<\/div>\n<\/div>\n\n\n\n<p style=\"color: red;\"><strong>Actividades reprogramadas por Paro general.<\/strong><\/p>\n<\/div>\n\n\n\n<div class=\"wp-block-column is-layout-flow wp-block-column-is-layout-flow\">\n<div class=\"wp-block-group has-global-padding is-layout-constrained wp-block-group-is-layout-constrained\">\n<div class=\"wp-block-group has-global-padding is-layout-constrained wp-block-group-is-layout-constrained\">\n<p class=\"dia\"><strong>Viernes 20<\/strong><\/p>\n\n\n\n<h4 class=\"wp-block-heading\"><strong>11:00hs.<\/strong><\/h4>\n\n\n\n<p><strong>Presentaci\u00f3n de la coordinaci\u00f3n de Derechos Humanos, Direcci\u00f3n de Orientaci\u00f3n Educativa y Coordinaci\u00f3n de Pol\u00edticas de G\u00e9nero.<\/strong><\/p>\n\n\n\n<p><strong>Apellidos desde la A hasta la L.<\/strong><\/p>\n<\/div>\n\n\n\n<p class=\"lugar\"><strong>Auditorio Peluso \u2013 Sede Fonseca.<\/strong><\/p>\n\n\n\n<h4 class=\"wp-block-heading\"><strong>16:00hs.<\/strong><\/h4>\n\n\n\n<p><strong>Presentaci\u00f3n de la coordinaci\u00f3n de Derechos Humanos, Direcci\u00f3n de Orientaci\u00f3n Educativa y Coordinaci\u00f3n de Pol\u00edticas de G\u00e9nero.<\/strong><\/p>\n\n\n\n<p><strong>Apellidos desde la M hasta la Z.<\/strong><\/p>\n\n\n\n<p class=\"lugar\"><strong>Auditorio Peluso \u2013 Sede Fonseca.<\/strong><\/p>\n<\/div>\n\n\n\n<h4 class=\"wp-block-heading\"><strong>17:00hs.<\/strong><\/h4>\n\n\n\n<p><strong>En torno a la obra: identificaci\u00f3n de t\u00e9cnicas, documentaci\u00f3n y conservaci\u00f3n<br>preventiva.<\/strong><\/p>\n\n\n\n<p>A cargo de las Licenciadas Victoria Tr\u00edpodi y Marianela Menchi.<\/p>\n\n\n\n<p class=\"lugar\"><strong>Aula 215 &#8211; Sede Central.<\/strong><\/p>\n<\/div>\n<\/div>\n\n\n\n<h3 class=\"semana\">Semana 3<\/h3>\n\n\n\n<div class=\"wp-block-columns is-layout-flex wp-container-core-columns-is-layout-28f84493 wp-block-columns-is-layout-flex\">\n<div class=\"wp-block-column is-layout-flow wp-block-column-is-layout-flow\">\n<div class=\"wp-block-group has-global-padding is-layout-constrained wp-block-group-is-layout-constrained\">\n<div class=\"wp-block-group has-global-padding is-layout-constrained wp-block-group-is-layout-constrained\">\n<p class=\"dia\"><strong>Lunes 23<\/strong><\/p>\n\n\n\n<h4 class=\"wp-block-heading\"><strong>15:00hs.<\/strong><\/h4>\n\n\n\n<p><strong>Presentaci\u00f3n de las c\u00e1tedras de Historia del Arte I y II<\/strong>.<\/p>\n\n\n\n<p class=\"lugar\"><strong>Aula 105 &#8211; Sede Central.<\/strong><\/p>\n\n\n\n<hr class=\"wp-block-separator has-alpha-channel-opacity\"\/>\n\n\n\n<figure class=\"wp-block-image size-full\"><img loading=\"lazy\" decoding=\"async\" width=\"444\" height=\"392\" src=\"https:\/\/e3.ar\/ifda\/wp-content\/uploads\/2025\/12\/esc-2.png\" alt=\"\" class=\"wp-image-273\" srcset=\"https:\/\/e3.ar\/ifda\/wp-content\/uploads\/2025\/12\/esc-2.png 444w, https:\/\/e3.ar\/ifda\/wp-content\/uploads\/2025\/12\/esc-2-300x265.png 300w\" sizes=\"auto, (max-width: 444px) 100vw, 444px\" \/><\/figure>\n<\/div>\n<\/div>\n<\/div>\n\n\n\n<div class=\"wp-block-column is-style-section-3 is-layout-flow wp-block-column-is-layout-flow\">\n<div class=\"wp-block-group has-global-padding is-layout-constrained wp-block-group-is-layout-constrained\">\n<div class=\"wp-block-group has-global-padding is-layout-constrained wp-block-group-is-layout-constrained\">\n<p class=\"dia\"><strong>Martes 24<\/strong><\/p>\n\n\n\n<h4 class=\"wp-block-heading\"><strong>13:00hs.<\/strong><\/h4>\n\n\n\n<p><strong>Presentaci\u00f3n de la c\u00e1tedra Procedimientos de las Artes Pl\u00e1sticas B<\/strong>.<\/p>\n\n\n\n<p class=\"lugar\"><strong>Auditorio Peluso &#8211; Sede Fonseca.<\/strong><\/p>\n\n\n\n<h4 class=\"wp-block-heading\"><strong>15:00hs.<\/strong><\/h4>\n\n\n\n<p><strong>Presentaci\u00f3n de la c\u00e1tedra Procedimientos de las Artes Pl\u00e1sticas A.<\/strong><\/p>\n\n\n\n<p class=\"lugar\"><strong>Auditorio Peluso &#8211; Sede Fonseca.<\/strong><\/p>\n\n\n\n<h4 class=\"wp-block-heading\"><strong>16:00hs.<\/strong><\/h4>\n\n\n\n<p><strong>Presentaci\u00f3n de las c\u00e1tedras de Arte Contempor\u00e1neo A y B.<\/strong><\/p>\n\n\n\n<p class=\"lugar\"><strong>Auditorio Peluso &#8211; Sede Fonseca.<\/strong><\/p>\n<\/div>\n<\/div>\n<\/div>\n\n\n\n<div class=\"wp-block-column is-layout-flow wp-block-column-is-layout-flow\">\n<div class=\"wp-block-group has-global-padding is-layout-constrained wp-block-group-is-layout-constrained\">\n<div class=\"wp-block-group has-global-padding is-layout-constrained wp-block-group-is-layout-constrained\">\n<p class=\"dia\"><strong>Mi\u00e9rcoles 25<\/strong><\/p>\n\n\n\n<h4 class=\"wp-block-heading\"><strong>10:00hs.<\/strong><\/h4>\n\n\n\n<p><strong>Presentaci\u00f3n de la c\u00e1tedra Producci\u00f3n de Textos.<\/strong><\/p>\n\n\n\n<p class=\"lugar\"><strong>Aula 105 &#8211; Sede Central<\/strong>.<\/p>\n\n\n\n<h4 class=\"wp-block-heading\"><strong>A confirmar<\/strong><\/h4>\n\n\n\n<p><strong>Encuentro con la Historia del Arte<\/strong> a cargo del \u00c1rea de Museo, Exposiciones y Conservaci\u00f3n del Patrimonio de la Facultad de Artes de la UNLP.<\/p>\n\n\n\n<p class=\"lugar\"><strong>Aula 105 &#8211; Sede Central.<\/strong><\/p>\n<\/div>\n<\/div>\n<\/div>\n<\/div>\n\n\n\n<div class=\"wp-block-columns is-layout-flex wp-container-core-columns-is-layout-28f84493 wp-block-columns-is-layout-flex\">\n<div class=\"wp-block-column is-layout-flow wp-block-column-is-layout-flow\">\n<div class=\"wp-block-group has-global-padding is-layout-constrained wp-block-group-is-layout-constrained\">\n<div class=\"wp-block-group has-global-padding is-layout-constrained wp-block-group-is-layout-constrained\">\n<p class=\"dia\"><strong>Jueves 26<\/strong><\/p>\n\n\n\n<h4 class=\"wp-block-heading\"><strong>16:30hs.<\/strong><\/h4>\n\n\n\n<p><strong>Presentaci\u00f3n de la c\u00e1tedra Lenguaje Visual 1B Turno noche.<\/strong><\/p>\n\n\n\n<p class=\"lugar\"><strong>Aula 105 &#8211; Sede Central.<\/strong><\/p>\n\n\n\n<hr class=\"wp-block-separator has-alpha-channel-opacity\"\/>\n\n\n\n<h4 class=\"wp-block-heading\"><strong>18:00hs.<\/strong><\/h4>\n\n\n\n<p><strong>Recorridos Urbanos: T\u00e1cticas para habitar activamente el territorio platense<\/strong>.<\/p>\n\n\n\n<p>A cargo del Licenciado Luis Ferreyra Ortiz.<br><br><strong>Punto de encuentro: <\/strong>Monumento de la Plaza Almirante Brown intersecci\u00f3n de avenida 1 y calle 52, Paseo del Bosque.<\/p>\n<\/div>\n<\/div>\n<\/div>\n\n\n\n<div class=\"wp-block-column is-style-section-3 is-layout-flow wp-block-column-is-layout-flow\">\n<div class=\"wp-block-group has-global-padding is-layout-constrained wp-block-group-is-layout-constrained\">\n<div class=\"wp-block-group has-global-padding is-layout-constrained wp-block-group-is-layout-constrained\">\n<p class=\"dia\"><strong>Viernes 27<\/strong><\/p>\n\n\n\n<p><strong>Presentaci\u00f3n de la c\u00e1tedra Lenguaje Visual 1B Turno ma\u00f1ana<\/strong>.<\/p>\n\n\n\n<p class=\"lugar\"><strong><strong>Modalidad virtual asincr\u00f3nica<\/strong><\/strong>.<\/p>\n\n\n\n<div class=\"wp-block-buttons is-layout-flex wp-block-buttons-is-layout-flex\">\n<div class=\"wp-block-button\"><a class=\"wp-block-button__link wp-element-button\" href=\"https:\/\/www2.fba.unlp.edu.ar\/ingreso\/2026\/02\/25\/cambios-en-los-cronogramas-3\/\" target=\"_blank\" rel=\"noreferrer noopener\">Acceso a la presentaci\u00f3n<\/a><\/div>\n<\/div>\n\n\n\n<hr class=\"wp-block-separator has-alpha-channel-opacity\"\/>\n\n\n\n<p><strong>Presentaci\u00f3n de la c\u00e1tedra Lenguaje Visual 1A Turno ma\u00f1ana.<\/strong><\/p>\n\n\n\n<p class=\"lugar\"><strong><strong><strong><strong>Modalidad virtual asincr\u00f3nica<\/strong><\/strong>.<\/strong><\/strong><\/p>\n\n\n\n<div class=\"wp-block-buttons is-layout-flex wp-block-buttons-is-layout-flex\">\n<div class=\"wp-block-button\"><a class=\"wp-block-button__link wp-element-button\" href=\"https:\/\/www2.fba.unlp.edu.ar\/ingreso\/2026\/02\/25\/cambios-en-los-cronogramas-3\/\" target=\"_blank\" rel=\"noreferrer noopener\">Acceso a la presentaci\u00f3n<\/a><\/div>\n<\/div>\n\n\n\n<hr class=\"wp-block-separator has-alpha-channel-opacity\"\/>\n\n\n\n<p><strong>Presentaci\u00f3n de la c\u00e1tedra Lenguaje Visual 1A Turno noche.<\/strong><\/p>\n\n\n\n<p class=\"lugar\"><strong><strong><strong><strong>Modalidad virtual asincr\u00f3nica<\/strong><\/strong>.<\/strong><\/strong><\/p>\n\n\n\n<div class=\"wp-block-buttons is-layout-flex wp-block-buttons-is-layout-flex\">\n<div class=\"wp-block-button\"><a class=\"wp-block-button__link wp-element-button\" href=\"https:\/\/www2.fba.unlp.edu.ar\/ingreso\/2026\/02\/25\/cambios-en-los-cronogramas-3\/\" target=\"_blank\" rel=\"noreferrer noopener\">Acceso a la presentaci\u00f3n<\/a><\/div>\n<\/div>\n\n\n\n<h4 class=\"wp-block-heading\"><strong>A confirmar.<\/strong><\/h4>\n\n\n\n<p><strong>Taller Cartograf\u00edas de la Memoria.<\/strong><\/p>\n\n\n\n<p>Organiza Direcci\u00f3n de Derechos Humanos.<\/p>\n\n\n\n<p class=\"lugar\"><strong>Aula 104 &#8211; Sede Fonseca.<\/strong><\/p>\n\n\n\n<p>Actividad optativa con registro previo:<\/p>\n\n\n\n<div class=\"wp-block-buttons is-content-justification-right is-layout-flex wp-container-core-buttons-is-layout-d445cf74 wp-block-buttons-is-layout-flex\">\n<div class=\"wp-block-button\"><a class=\"wp-block-button__link wp-element-button\" href=\"https:\/\/docs.google.com\/forms\/d\/1oM2IVrhsRVPUaYKXhC9cFA7ThfUINUptdgVJCkGZc34\/viewform?edit_requested=true\" target=\"_blank\" rel=\"noreferrer noopener\">Inscripci\u00f3n<\/a><\/div>\n<\/div>\n<\/div>\n<\/div>\n<\/div>\n<\/div>\n<\/div>\n","protected":false},"excerpt":{"rendered":"<p>Jueves 12 de febrero 16:00hs. Bienvenida departamental a cargo de la directora del Departamento de Estudios Hist\u00f3ricos y Sociales Prof. Elena Sed\u00e1n. Aula 105 &#8211; Sede Central. 12:00hs. Encuentro con la Secretar\u00eda de Asuntos Estudiantiles (SAE) a cargo del secretario Prof. Lautaro Zugbi. Auditorio Peluso \u2013 Sede Fonseca. Viernes 13 Charla con el Centro de [&hellip;]<\/p>\n","protected":false},"author":1,"featured_media":0,"parent":0,"menu_order":0,"comment_status":"closed","ping_status":"closed","template":"","meta":{"footnotes":""},"class_list":["post-172","page","type-page","status-publish","hentry"],"_links":{"self":[{"href":"https:\/\/e3.ar\/ifda\/wp-json\/wp\/v2\/pages\/172","targetHints":{"allow":["GET"]}}],"collection":[{"href":"https:\/\/e3.ar\/ifda\/wp-json\/wp\/v2\/pages"}],"about":[{"href":"https:\/\/e3.ar\/ifda\/wp-json\/wp\/v2\/types\/page"}],"author":[{"embeddable":true,"href":"https:\/\/e3.ar\/ifda\/wp-json\/wp\/v2\/users\/1"}],"replies":[{"embeddable":true,"href":"https:\/\/e3.ar\/ifda\/wp-json\/wp\/v2\/comments?post=172"}],"version-history":[{"count":19,"href":"https:\/\/e3.ar\/ifda\/wp-json\/wp\/v2\/pages\/172\/revisions"}],"predecessor-version":[{"id":450,"href":"https:\/\/e3.ar\/ifda\/wp-json\/wp\/v2\/pages\/172\/revisions\/450"}],"wp:attachment":[{"href":"https:\/\/e3.ar\/ifda\/wp-json\/wp\/v2\/media?parent=172"}],"curies":[{"name":"wp","href":"https:\/\/api.w.org\/{rel}","templated":true}]}}